343 a prime number?
True
Is 5981 a composite number?
False
Is 17827 a prime number?
True
Is 134471 composite?
False
Is 127 a composite number?
False
Is 60337 prime?
True
Is 563111 prime?
False
Is 565543 a prime number?
False
Is 12778 a composite number?
True
Is 10151 composite?
False
Is 3299 a prime number?
True
Is 26041 a composite number?
False
Is 257 a prime number?
True
Is 55453 prime?
False
Is 105513 prime?
False
Is 41723 a prime number?
False
Is 35603 a composite number?
False
Is 25073 composite?
False
Is 2227971 composite?
True
Is 72269 a composite number?
False
Is 22318 composite?
True
Is 5707 a prime number?
False
Is 56561 composite?
True
Is 97217 composite?
True
Is 52037 a composite number?
True
Is 25223 a composite number?
True
Is 79181 prime?
True
Is 7447 a composite number?
True
Is 114713 composite?
False
Is 7897 prime?
False
Is 71161 a prime number?
True
Is 7597 a prime number?
False
Is 4177 prime?
True
Is 1320499 composite?
True
Is 11401 prime?
False
Is 1275943 a composite number?
True
Is 101653 a composite number?
False
Is 4824257 composite?
False
Is 10951 composite?
True
Is 78133 a prime number?
False
Is 63901 a prime number?
True
Is 9239 prime?
True
Is 238141 prime?
True
Is 10481 composite?
True
Is 32987 a composite number?
False
Is 469297 a prime number?
False
Is 108631 a prime number?
True
Is 1822877 prime?
False
Is 69295 prime?
False
Is 16721 a prime number?
False
Is 1969 a prime number?
False
Is 339005 a prime number?
False
Is 306713 a prime number?
False
Is 8219 a prime number?
True
Is 22769 prime?
True
Is 639439 prime?
True
Is 3989 a prime number?
True
Is 30782 a prime number?
False
Is 1119 composite?
True
Is 306191 a prime number?
True
Is 53353 a prime number?
True
Is 701 a prime number?
True
Is 4535 prime?
False
Is 12661 a composite number?
True
Is 7253 a prime number?
True
Is 513206 composite?
True
Is 27893 prime?
True
Is 75443 composite?
True
Is 243907 composite?
True
Is 487 a composite number?
False
Is 3719 composite?
False
Is 451853 prime?
False
Is 2773 composite?
True
Is 32845 prime?
False
Is 58997 prime?
True
Is 391663 prime?
False
Is 359981 a composite number?
False
Is 200113 prime?
False
Is 13261 composite?
True
Is 97729 a prime number?
True
Is 12053 a composite number?
True
Is 209441 prime?
True
Is 8813 a composite number?
True
Is 633 prime?
False
Is 8882 composite?
True
Is 38149 prime?
True
Is 7063591 composite?
False
Is 949701 prime?
False
Is 2245 prime?
False
Is 42641 composite?
False
Is 6107 a prime number?
False
Is 1759 composite?
False
Is 10007 prime?
True
Is 3977 a composite number?
True
Is 335207 a prime number?
True
Is 10213 a prime number?
False
Is 9767 a prime number?
True
Is 1099829 a prime number?
False
Is 615937 a composite number?
True
Is 673361 prime?
False
Is 17569 a composite number?
False
Is 28123 a composite number?
False
Is 579337 prime?
False
Is 67939 prime?
True
Is 138917 a prime number?
True
Is 717305 a composite number?
True
Is 271793 prime?
False
Is 18623 composite?
True
Is 84499 a composite number?
False
Is 100103 prime?
True
Is 615869 a prime number?
True
Is 677927 composite?
False
Is 3805 a composite number?
True
Is 311503 prime?
False
Is 244726 composite?
True
Is 1121 a composite number?
True
Is 7921 a composite number?
True
Is 3371 a prime number?
True
Is 2326553 composite?
False
Is 8467 a prime number?
True
Is 27689 composite?
False
Is 20389 prime?
True
Is 9899 a composite number?
True
Is 99821 a prime number?
False
Is 55994 prime?
False
Is 676537 a prime number?
False
Is 57415 a prime number?
False
Is 12637 composite?
False
Is 14489 prime?
True
Is 2082163 composite?
False
Is 84907 a composite number?
True
Is 276721 a composite number?
False
Is 30067 prime?
False
Is 5623 a prime number?
True
Is 693721 composite?
True
Is 689201 prime?
True
Is 26029 a composite number?
False
Is 6009 a prime number?
False
Is 5623 prime?
True
Is 8531 a composite number?
True
Is 261809 composite?
True
Is 50143 a prime number?
False
Is 506791 a prime number?
True
Is 230189 a prime number?
True
Is 15107 composite?
False
Is 98113 composite?
True
Is 26249 composite?
False
Is 1633387 a prime number?
False
Is 91082 composite?
True
Is 137771 a composite number?
False
Is 449921 a composite number?
False
Is 1408633 prime?
True
Is 241697 composite?
True
Is 106427 a prime number?
True
Is 17707 prime?
True
Is 4535 a prime number?
False
Is 55 composite?
True
Is 1363 a composite number?
True
Is 15209 prime?
False
Is 128147 a composite number?
False
Is 34631 composite?
False
Is 145983 a prime number?
False
Is 433549 a composite number?
False
Is 3385841 prime?
True
Is 18637 composite?
False
Is 33357 composite?
True
Is 15763 a composite number?
True
Is 14078 composite?
True
Is 129547 composite?
True
Is 235289 prime?
True
Is 1543 a composite number?
False
Is 114451 a prime number?
True
Is 9587 prime?
True
Is 126941 prime?
False
Is 180031 composite?
True
Is 7817 composite?
False
Is 8263 prime?
True
Is 50359 a prime number?
True
Is 5147 a composite number?
False
Is 2154901 prime?
False
Is 23369 prime?
True
Is 29123 prime?
True
Is 14677 a composite number?
True
Is 20807 a composite number?
False
Is 1042 a prime number?
False
Is 5939 a prime number?
True
Is 10643 composite?
True
Is 25523 a composite number?
False
Is 451351 composite?
True
Is 128697 prime?
False
Is 44947 a prime number?
False
Is 1009 a composite number?
False
Is 841793 a composite number?
False
Is 4963 a prime number?
False
Is 368323 prime?
True
Is 10529 a composite number?
False
Is 69491 prime?
True
Is 833999 a prime number?
True
Is 468529 composite?
True
Is 124051 prime?
False
Is 23687 prime?
True
Is 39361 prime?
False
Is 324673 composite?
False
Is 12938 a composite number?
True
Is 367097 prime?
True
Is 6907 composite?
False
Is 18799 prime?
False
Is 1847 prime?
True
Is 104911 a prime number?
True
Is 2735 a composite number?
True
Is 4783 a composite number?
False
Is 54647 a composite number?
False
Is 112799 composite?
False
Is 382 a composite number?
True
Is 29101 a prime number?
True
Is 15877 a prime number?
True
Is 25871 prime?
False
Is 2819 a composite number?
False
Is 4835 a composite number?
True
Is 19319 prime?
True
Is 38945 composite?
True
Is 10997 a composite number?
True
Is 57943 a composite number?
False
Is 18773 prime?
True
Is 1049 composite?
False
Is 52229 prime?
False
Is 17777 a composite number?
True
Is 2659 composite?
False
Is 8329 a prime number?
True
Is 4177 a prime number?
True
Is 73285 prime?
False
Is 491 prime?
True
Is 5581 prime?
True
Is 182697 a composite number?
True
Is 9533 a composite number?
False
Is 50529 a prime number?
False
Is 1709777 a prime number?
False
Is 45161 composite?
False
Is 16013 a prime number?
False
Is 699307 a composite number?
True
Is 326309 a composite number?
False
Is 236815 prime?
False
Is 64811 composite?
False
Is 26231 prime?
False
Is 243781 composite?
False
Is 30661 a composite number?
False
Is 964789 prime?
False
Is 96583 composite?
True
Is 17774 prime?
False
Is 15689 a prime number?
False
Is 190027 prime?
True
Is 964463 prime?
True
Is 90971 prime?
True
Is 11953 a composite number?
False
Is 8257 prime?
False
Is 236297 prime?
True
Is 16085 a composite number?
True
Is 1801 prime?
True
Is 107207 prime?
False
Is 120401 a prime number?
True
Is 154387 composite?
False
Is 92737 a composite number?
False
Is 200063 composite?
False
Is 2899 a prime number?
False
Is 5095 composite?
True
Is 772177 a prime number?
False
Is 123031 composite?
False
Is 73709 composite?
False
Is 44053 a composite number?
False
Is 5357 a composite number?
True
Is 11189 prime?
False
Is 112507 a prime number?
True
Is 47431 a composite number?
False
Is 21377 composite?
False
Is 8257 a composite number?
True
Is 667 prime?
False
Is 7385743 prime?
True
Is 38593 a prime number?
True
Is 26227 a prime number?
True
Is 29033 a prime number?
True
Is 67843 a prime number?
True
Is 110963 a composite number?
True
Is 2062 composite?
True
Is 140519 a prime number?
False
Is 2419199 composite?
True
Is 2939 prime?
True
Is 67523 composite?
False
Is 2179 a composite number?
False
Is 10847 a composite number?
False
Is 35353 prime?
True
Is 43829 a prime number?
False
Is 923665 prime?
False
Is 196111 composite?
False
Is 44159 a composite number?
False
Is 69